is f(-1)?
947
Let o(p) = -152*p**2 + 277*p + 555. What is o(-2)?
-607
Let u(o) = o**2 + 1541*o - 918011. Determine u(459).
-11
Let y(u) = 3073*u - 993. What is y(0)?
-993
Let v(m) = 4*m**2 + 119*m - 661. Determine v(5).
34
Let c(q) = -106*q - 26003. What is c(-246)?
73
Let k(c) = -2*c**3 - 27*c**2 - 91*c + 241. What is k(-14)?
1711
Let q(i) = i**3 + 16*i**2 + 44*i + 1030. Give q(-19).
-889
Let h(g) = 13*g**3 - 45*g**2 + 18*g - 19. Give h(3).
-19
Let m(i) = -65*i**2 - 127*i + 180. Calculate m(-4).
-352
Let u(r) = -8*r**3 - 2*r**2 + 10*r - 25. Calculate u(5).
-1025
Let d(c) = -93*c**3 + 742*c**2 + 38*c - 125. Calculate d(8).
51
Let i(b) = -b**3 - 10*b**2 - 357*b - 9044. What is i(-18)?
-26
Let k(m) = 5*m**3 - 811*m**2 + 18356*m + 544. Give k(135).
4
Let m(z) = -4367*z - 1484775. What is m(-340)?
5
Let n(r) = -3937*r - 1294. Determine n(-1).
2643
Let w(v) = 77*v**2 + 4922*v - 177. What is w(-64)?
207
Let y(m) = m**3 - 327*m**2 + 3242*m - 629848. Calculate y(323).
2
Let s(a) = -214251*a + 428489. What is s(2)?
-13
Let w(n) = 2*n**2 - 1374*n - 4157. Determine w(-3).
-17
Let x(y) = -y**3 - 3*y**2 + 219*y - 174. Give x(0).
-174
Let j(z) = -994*z + 11124. Calculate j(11).
190
Let s(j) = 17562*j - 157731. Give s(9).
327
Let b(r) = -2*r**3 + 110*r**2 + 85*r - 134. Calculate b(56).
-1646
Let b(o) = -o**3 + 38*o**2 + 116*o - 6300. Give b(31).
4023
Let f(u) = -331*u + 12231. Calculate f(39).
-678
Let x(s) = 34*s**2 - 1067*s + 7669. Determine x(11).
46
Let b(c) = c**3 - 57*c**2 + 126*c - 336. Give b(55).
544
Let c(y) = -18*y**3 - 4*y**2 + 4306*y + 21478. What is c(-5)?
2098
Let u(c) = -4016*c - 2232782. Determine u(-556).
114
Let a(x) = 824269*x + 8242711. Give a(-10).
21
Let r(a) = -10*a**3 - 9*a**2 - 1395*a - 5428. What is r(-4)?
648
Let u(t) = -584*t - 8911. What is u(-20)?
2769
Let l(b) = 16*b**3 + 262*b**2 + 101*b + 92. Determine l(-16).
12
Let m(f) = 190*f**3 - 46*f**2 - 21*f + 43. Calculate m(2).
1337
Let y(w) = -564*w - 851. What is y(-1)?
-287
Let u(y) = 49*y - 927. What is u(7)?
-584
Let l(j) = 4*j**3 + 20*j**2 - 56*j + 65. Give l(5).
785
Let q(t) = t**3 + 45*t**2 + 488*t - 71. What is q(-24)?
313
Let b(z) = -z**3 - 232*z**2 - 522*z - 121334. Calculate b(-232).
-230
Let p(j) = 7*j**3 + 60*j**2 + 6*j + 155. Give p(-9).
-142
Let m(k) = -42*k**2 + 127*k + 25132. What is m(-23)?
-7
Let c(g) = -1107800*g - 15509211. Calculate c(-14).
-11
Let a(p) = -p**3 - 673*p**2 - 1343*p - 665. Determine a(-671).
6
Let u(f) = -15688*f + 298078. Calculate u(19).
6
Let a(c) = c**3 - 3*c**2 - 131*c + 2201. Give a(0).
2201
Let s(f) = -31*f**2 - 547*f - 1891. Determine s(-14).
-309
Let v(b) = -165*b**2 + 3594*b + 779. What is v(22)?
-13
Let g(q) = -2*q**3 + 120*q**2 + 138*q - 8270. Determine g(60).
10
Let m(y) = -14*y**2 - 25*y + 131. What is m(7)?
-730
Let p(y) = -10*y**2 - 1226*y - 26559. Determine p(-28).
-71
Let f(o) = -618*o + 82782. Calculate f(134).
-30
Let w(l) = -4*l**2 + 194*l - 611. What is w(44)?
181
Let h(s) = 93*s**3 + 23437*s**2 + 248*s - 1035. Give h(-252).
-27
Let x(r) = -23*r**2 - 148*r + 5044. Determine x(12).
-44
Let i(d) = 7*d**2 - 113*d - 532. What is i(20)?
8
Let f(z) = 7*z**2 - 1669*z + 4025. What is f(236)?
13
Let c(b) = b**3 + 44*b**2 + 69*b - 1276. Give c(-42).
-646
Let y(t) = 16*t**2 - 2268*t - 2840. Determine y(143).
20
Let y(r) = r**3 + 86*r**2 + 1326*r - 7759. What is y(-63)?
-10
Let s(l) = -l**3 - 141*l**2 - 4251*l - 3904. What is s(-42)?
2
Let i(l) = l**3 + 13*l**2 - 15*l - 157. Calculate i(-4).
47
Let q(d) = -3*d**3 - 142*d**2 + 476*d + 3792. Determine q(-50).
-8
Let s(f) = 2*f**2 + 14161*f - 155924. Determine s(11).
89
Let z(q) = -1228*q + 216129. Determine z(176).
1
Let y(u) = 2880*u + 52054. Calculate y(-18).
214
Let f(i) = -11*i**3 - 11*i**2 + 300*i + 18. Determine f(0).
18
Let u(i) = -11*i**3 + 23*i**2 - 24*i + 163. What is u(5)?
-757
Let c(m) = 6*m**2 + 480*m - 3394. Determine c(-86).
-298
Let g(p) = -p**2 + 142*p + 2128. Calculate g(-14).
-56
Let y(z) = -107*z**3 + 958*z**2 + 8*z - 12. Determine y(9).
-345
Let y(r) = -1617*r - 74328. Determine y(-46).
54
Let j(d) = 114933*d - 344763. Determine j(3).
36
Let o(l) = 79*l + 7485. Give o(-88).
533
Let p(h) = -2*h**3 - 311*h**2 + 160*h + 607. Calculate p(-156).
-17
Let s(l) = -17*l**3 - 7*l**2 - 22*l + 36. Give s(-2).
188
Let p(c) = 9*c**3 - 38*c**2 + 8*c - 221. Determine p(5).
-6
Let i(c) = 514*c + 40250. Determine i(-78).
158
Let l(m) = 223*m**2 - 566*m + 1720. What is l(3)?
2029
Let u(w) = -46*w**2 - 2408*w - 806. Give u(-52).
26
Let j(d) = -2004*d - 17423. Give j(-9).
613
Let s(r) = -r**3 - 15*r**2 + 11*r + 112. Calculate s(-5).
-193
Let m(w) = w**3 + 119*w**2 + 895*w + 866. What is m(-111)?
89
Let a(l) = -15738*l + 15678. Give a(1).
-60
Let w(p) = -p**2 - 186*p - 8753. What is w(-90)?
-113
Let t(y) = -6*y**3 - 493*y**2 - 95*y - 1078. Give t(-82).
-12
Let t(c) = 2*c**2 - 297*c + 6683. Determine t(121).
28
Let k(p) = p**3 + 50*p**2 + 610*p - 104. Calculate k(-22).
28
Let c(s) = -2*s**3 + 80*s**2 - 38*s + 280. Give c(40).
-1240
Let n(h) = -h**2 - 2967*h + 41934. Give n(14).
200
Let b(j) = 143*j**2 + 649*j + 288. Determine b(-4).
-20
Let h(o) = -2*o**2 - 428*o + 372. Calculate h(-210).
2052
Let m(l) = 46452*l + 510884. Calculate m(-11).
-88
Let o(v) = 2711*v + 49160. What is o(-18)?
362
Let g(v) = -6791*v - 1751. Determine g(0).
-1751
Let w(o) = -84*o**2 - 1193*o - 2981. What is w(-11)?
-22
Let x(b) = -2*b**3 + 27*b**2 - 62*b - 104. Give x(11).
-181
Let l(t) = 1556*t - 371857. What is l(239)?
27
Let c(s) = -16*s**2 + 25*s - 15. What is c(1)?
-6
Let w(o) = -391*o - 13016. What is w(-34)?
278
Let j(k) = -11052*k + 88355. Calculate j(8).
-61
Let p(y) = 289*y**2 + 2667*y + 596. What is p(-9)?
2
Let h(k) = -2023*k + 1581992. Calculate h(782).
6
Let i(r) = -2*r**3 + 64*r**2 + 83*r - 2763. Determine i(32).
-107
Let a(i) = 635*i - 3842. Calculate a(6).
-32
Let i(d) = -6*d**2 - 193*d + 8. Give i(-33).
-157
Let m(r) = -167*r - 3457. Give m(-54).
5561
Let a(w) = 3*w**3 - 42*w**2 - 102*w - 3. Give a(-3).
-156
Let f(y) = y**3 - 15*y**2 + 105*y - 1918. Give f(14).
-644
Let t(d) = -d**3 - 322*d**2 + 159*d + 51200. Determine t(-322).
2
Let s(w) = -6*w**2 + 439*w + 17651. Determine s(102).
5
Let d(r) = r**2 + 618*r + 9698. Determine d(-16).
66
Let s(q) = 13*q**3 - 8*q**2 - 646*q + 653. Determine s(1).
12
Let u(n) = -2*n**3 + 877*n**2 + 7615*n - 7271. Give u(447).
-119
Let p(d) = -d**3 - 53*d**2 - 227*d + 7. Calculate p(-5).
-58
Let j(m) = -231902*m + 463813. Calculate j(2).
9
Let h(n) = 13*n**2 + 143*n + 418. Give h(-3).
106
Let v(b) = -b**2 + 603*b - 52326. Give v(105).
-36
Let j(d) = 17*d**3 + 214*d**2 + 181*d - 32. What is j(-1)?
-16
Let o(z) = -3111*z + 979972. What is o(315)?
7
Let n(m) = 1503*m + 44926. Give n(-30).
-164
Let v(r) = 9131*r + 611758. Calculate v(-67).
-19
Let b(i) = -639*i + 5813. Determine b(10).
-577
Let b(s) = 5*s**2 + 344*s + 2486. Calculate b(-66).
1562
Let o(i) = 404*i + 63877. Give o(-162).
-1571
Let b(g) = -3*g**3 - 1486*g**2 - 497*g - 954. What is b(-495)?
36
Let c(s) = -2*s**2 - 389*s - 18983. What is c(-89)?
-204
Let s(j) = 256*j + 31236. Give s(-122).
4
Let j(x) = -x**2 - 318*x - 25311. Give j(-160).
-31
Let v(h) = -h**3 - h**2 + 14*h + 56. Give v(7).
-238
Let v(u) = -24*u**3 - 98*u**2 + 690*u + 2795. Give v(-4).
3
Let i(r) = -r**2 - 1062*r + 151016. Determine i(127).
13
Let f(s) = s**2 + 60347*s - 241398. Give f(4).
6
Let m(d) = 12*d**3 - 13*d**2 - 130*d - 521. What is m(-6)?
-2801
Let a(o) = 4450*o + 26329. Determine a(-6).
-371
Let f(t) = -t**3 + 152*t**2 + 466*t + 87. Determine f(155).
242
Let g(m) = -87199*m + 261635. Give g(3).
38
Let o(f) = 1911*f**3 + 92*f**2 + 140*f + 48. Give o(-1).
-1911
Let g(s) = -s**2 + 45591*s + 1551256. Calculate g(-34).
6
Let n(j) = 134162*j - 5903068. Determine n(44).
60
Let h(y) = 13*y**2 - 338*y + 2037. Determine h(17).
48
Let l(p) = -1944*p - 620128. Give l(-319).
8
Let r(l) = -13*l**3 + 2*l**2 - 21*l + 5. Calculate r(-3).
437
Let o(b) = -b**3 + 14*b**2 + 141*b - 1890. Give o(15).
0
Let w(z) = z**3 - 6*z**2 + 370*z - 5156. Calculate w(13).
837
Let d(o) = -o**3 + 276*o**2 + 6228*o + 2662. What is d(297)?
-11
Let y(w) = w**2 + 135*w - 6049. What is y(35)?
-99
Let x(m) = -3*m**2 + 3072*m - 781859. Calculate x(551).
10
Let j(g) = -